{"id":4130,"date":"2019-10-10T12:31:51","date_gmt":"2019-10-10T10:31:51","guid":{"rendered":"https:\/\/www.gilpivert.fr\/?page_id=4130"},"modified":"2025-06-23T14:50:46","modified_gmt":"2025-06-23T12:50:46","slug":"liens","status":"publish","type":"page","link":"https:\/\/www.gilpivert.fr\/index.php\/liens\/","title":{"rendered":"Liens"},"content":{"rendered":"<div  class=\"one withsmallpadding ppb_header \" style=\"text-align:left;padding:5px 0 5px 0;\" >\n<div class=\"standard_wrapper\">\n<div class=\"page_content_wrapper\">\n<div class=\"inner\">\n<div style=\"margin:auto;width:100%\">\n<p>Je pratique assez peu les \u00e9changes de liens. Les sites que vous trouverez ici, sont ceux d&rsquo;artistes, photographes ou non que j&rsquo;admire particuli\u00e8rement. Il ne r\u00e9sultent pas d&rsquo;\u00e9change de bon proc\u00e9d\u00e9s mais d&rsquo;un choix personnel.<\/p>\n<\/div>\n<\/div>\n<\/div>\n<\/div>\n<\/div>\n<div class=\"standard_wrapper\">\n<div  class=\"one withsmallpadding ppb_testimonial_column\" style=\"padding:15px 0 15px 0;\" >\n<div class=\"page_content_wrapper\">\n<div class=\"inner\">\n<div class=\"testimonial_wrapper\">\n<div class=\"one_third testimonial_column_element animated1 \">\n<div class=\"testimonial_image animated\" data-animation=\"bigEntrance\"><img loading=\"lazy\" data-recalc-dims=\"1\" height=\"150\" width=\"150\" decoding=\"async\" class=\"team_pic\" src=\"https:\/\/i0.wp.com\/www.gilpivert.fr\/wp-content\/uploads\/2019\/10\/Capture.png?resize=150%2C150&#038;ssl=1\" alt=\"Richard Vantielcke\"\/><\/div>\n<div class=\"testimonial_content\">J&rsquo;ai d\u00e9couvert le site de Richard Vantielcke tr\u00e8s r\u00e9cemment et j&rsquo;adore ! Ses photos de nuit sont superbes, les ambiances me rappelle le film Buffet Froid. Et le design du site est particuli\u00e8rement r\u00e9ussi.<\/p>\n<div class=\"testimonial_customer\">\n<h4 >Richard Vantielcke<\/h4>\n<p>&#8211;<\/p>\n<div class=\"testimonial_customer_company\"><a href=\"https:\/\/www.ludimaginary.net\/\" target=\"_blank\" >LUDIMAGINARY<\/a><\/div>\n<\/div>\n<\/div>\n<\/div>\n<div class=\"one_third testimonial_column_element animated2 \">\n<div class=\"testimonial_image animated\" data-animation=\"bigEntrance\"><img loading=\"lazy\" data-recalc-dims=\"1\" height=\"150\" width=\"150\" decoding=\"async\" class=\"team_pic\" src=\"https:\/\/i0.wp.com\/www.gilpivert.fr\/wp-content\/uploads\/2019\/10\/Capture-2.png?resize=150%2C150&#038;ssl=1\" alt=\"Denis Rouvre\"\/><\/div>\n<div class=\"testimonial_content\">Photographies magnifiques, site superbe, un bonheur pour les yeux.&nbsp;<\/p>\n<div class=\"testimonial_customer\">\n<h4 >Denis Rouvre<\/h4>\n<p>&#8211;<\/p>\n<div class=\"testimonial_customer_company\"><a href=\"https:\/\/www.rouvre.com\/\" target=\"_blank\" >Denis Rouvre<\/a><\/div>\n<\/div>\n<\/div>\n<\/div>\n<div class=\"one_third testimonial_column_element animated3 last\">\n<div class=\"testimonial_image animated\" data-animation=\"bigEntrance\"><img loading=\"lazy\" data-recalc-dims=\"1\" height=\"150\" width=\"150\" decoding=\"async\" class=\"team_pic\" src=\"https:\/\/i0.wp.com\/www.gilpivert.fr\/wp-content\/uploads\/2019\/10\/Capture-3.png?resize=150%2C150&#038;ssl=1\" alt=\"Direction l\u2019Asie\"\/><\/div>\n<div class=\"testimonial_content\">Asianwanderlust.com est une mine d&rsquo;information sur l\u2019extr\u00eame orient. Un site incontournable pour programmer ses prochaines visites.<\/p>\n<div class=\"testimonial_customer\">\n<h4 >Direction l\u2019Asie<\/h4>\n<p>&#8211;<\/p>\n<div class=\"testimonial_customer_company\"><a href=\"https:\/\/asianwanderlust.com\/\" target=\"_blank\" >Asianwanderlust.com<\/a><\/div>\n<\/div>\n<\/div>\n<\/div>\n<\/div>\n<\/div>\n<\/div>\n<\/div>\n<\/div>\n<div  class=\"one withsmallpadding ppb_header \" style=\"text-align:left;padding:30px 0 30px 0;\" >\n<div class=\"standard_wrapper\">\n<div class=\"page_content_wrapper\">\n<div class=\"inner\">\n<div style=\"margin:auto;width:100%\">\n<h2 class=\"ppb_title\" style=\"\">Les autres sites de photographes que j&#039;aime visiter :<\/h2>\n<div class=\"page_header_sep left\"><\/div>\n<\/p>\n<div class=\"one_fourth \" style=\"\">\n<p><a href=\"http:\/\/www.georgesepp.com\/\" target=\"_blank\" rel=\"noopener\">Georges EPP<\/a><\/p>\n<p><a href=\"https:\/\/luiscavaco.fr\/\" target=\"_blank\" rel=\"noopener\">Luis CAVACO<\/a><\/p>\n<\/div>\n<div class=\"one_fourth \" style=\"\">\n<p><a href=\"http:\/\/www.commeunreflex.com\/\" target=\"_blank\" rel=\"noopener\">C\u00e9dric EMERAN<\/a><\/p>\n<\/div>\n<div class=\"one_fourth \" style=\"\">\n<p><a href=\"https:\/\/jeannetaris.com\/fr\" target=\"_blank\" rel=\"noopener\">Jeanne TARIS<\/a><\/p>\n<\/div>\n<div class=\"one_fourth last \" style=\"\">\n<p><a href=\"http:\/\/www.benoit-rousseau.com\/fr\/accueil.html\" target=\"_blank\" rel=\"noopener\">Benoit ROUSSEAU<\/a><\/p>\n<p><a href=\"https:\/\/ericforey.com\/\" target=\"_blank\" rel=\"noopener\">Eric FOREY<\/a><\/p>\n<\/div>\n<p><br class=\"clear\"\/><\/p>\n<\/div>\n<\/div>\n<\/div>\n<\/div>\n<\/div>\n<div  class=\"one withsmallpadding ppb_header \" style=\"text-align:left;padding:10px 0 10px 0;\" >\n<div class=\"standard_wrapper\">\n<div class=\"page_content_wrapper\">\n<div class=\"inner\">\n<div style=\"margin:auto;width:100%\">\n<div class=\"one_half \" style=\"\">\n<p><img data-attachment-id=\"3284\" data-permalink=\"https:\/\/www.gilpivert.fr\/index.php\/biographie\/innovaconcrete-logo\/\" data-orig-file=\"https:\/\/i0.wp.com\/www.gilpivert.fr\/wp-content\/uploads\/2019\/09\/InnovaConcrete-Logo.png?fit=326%2C156&amp;ssl=1\" data-orig-size=\"326,156\" data-comments-opened=\"1\" data-image-meta=\"{&quot;aperture&quot;:&quot;0&quot;,&quot;credit&quot;:&quot;&quot;,&quot;camera&quot;:&quot;&quot;,&quot;caption&quot;:&quot;&quot;,&quot;created_timestamp&quot;:&quot;0&quot;,&quot;copyright&quot;:&quot;&quot;,&quot;focal_length&quot;:&quot;0&quot;,&quot;iso&quot;:&quot;0&quot;,&quot;shutter_speed&quot;:&quot;0&quot;,&quot;title&quot;:&quot;&quot;,&quot;orientation&quot;:&quot;0&quot;}\" data-image-title=\"InnovaConcrete\" data-image-description=\"\" data-image-caption=\"&lt;p&gt;InnovaConcrete&lt;\/p&gt;\n\" data-large-file=\"https:\/\/i0.wp.com\/www.gilpivert.fr\/wp-content\/uploads\/2019\/09\/InnovaConcrete-Logo.png?fit=326%2C156&amp;ssl=1\" data-recalc-dims=\"1\" loading=\"lazy\" decoding=\"async\" class=\"wp-image-3284 alignleft\" src=\"https:\/\/i0.wp.com\/www.gilpivert.fr\/wp-content\/uploads\/2019\/09\/InnovaConcrete-Logo.png?resize=115%2C55&#038;ssl=1\" alt=\"InnovaConcrete\" width=\"115\" height=\"55\" srcset=\"https:\/\/i0.wp.com\/www.gilpivert.fr\/wp-content\/uploads\/2019\/09\/InnovaConcrete-Logo.png?resize=300%2C144&amp;ssl=1 300w, https:\/\/i0.wp.com\/www.gilpivert.fr\/wp-content\/uploads\/2019\/09\/InnovaConcrete-Logo.png?w=326&amp;ssl=1 326w\" sizes=\"auto, (max-width: 115px) 100vw, 115px\" \/><\/p>\n<p>Je travaille avec le site <a href=\"https:\/\/100of20.innovaconcrete.eu\/le-havre-reconstruction\">InnovaConcrete<\/a> qui a pour vocation de soutenir la pr\u00e9servation des constructions en b\u00e9ton. Je vous conseille vivement la visite de <em>\u00ab\u00a0100 of the 20\u00a0\u00bb<\/em> qui recense les 100 plus remarquables ensembles de b\u00e9ton du XXe si\u00e8cle.<\/p>\n<\/div>\n<div class=\"one_half last \" style=\"\">\n<p>Sour<img data-attachment-id=\"2407\" data-permalink=\"https:\/\/www.gilpivert.fr\/index.php\/galeries\/saint-joseph-le-havre\/st-joseph-2\/\" data-orig-file=\"https:\/\/i0.wp.com\/www.gilpivert.fr\/wp-content\/uploads\/2019\/08\/St-Joseph-2.jpg?fit=1200%2C900&amp;ssl=1\" data-orig-size=\"1200,900\" data-comments-opened=\"1\" data-image-meta=\"{&quot;aperture&quot;:&quot;3.5&quot;,&quot;credit&quot;:&quot;&quot;,&quot;camera&quot;:&quot;DMC-GX8&quot;,&quot;caption&quot;:&quot;&quot;,&quot;created_timestamp&quot;:&quot;1563201559&quot;,&quot;copyright&quot;:&quot;&quot;,&quot;focal_length&quot;:&quot;15&quot;,&quot;iso&quot;:&quot;800&quot;,&quot;shutter_speed&quot;:&quot;0.033333333333333&quot;,&quot;title&quot;:&quot;&quot;,&quot;orientation&quot;:&quot;0&quot;}\" data-image-title=\"St Joseph&amp;#8211;2\" data-image-description=\"\" data-image-caption=\"\" data-large-file=\"https:\/\/i0.wp.com\/www.gilpivert.fr\/wp-content\/uploads\/2019\/08\/St-Joseph-2.jpg?fit=1024%2C768&amp;ssl=1\" data-recalc-dims=\"1\" loading=\"lazy\" decoding=\"async\" class=\"wp-image-2407 alignleft\" src=\"https:\/\/i0.wp.com\/www.gilpivert.fr\/wp-content\/uploads\/2019\/08\/St-Joseph-2.jpg?resize=108%2C81&#038;ssl=1\" alt=\"\" width=\"108\" height=\"81\" srcset=\"https:\/\/i0.wp.com\/www.gilpivert.fr\/wp-content\/uploads\/2019\/08\/St-Joseph-2.jpg?resize=300%2C225&amp;ssl=1 300w, https:\/\/i0.wp.com\/www.gilpivert.fr\/wp-content\/uploads\/2019\/08\/St-Joseph-2.jpg?resize=768%2C576&amp;ssl=1 768w, https:\/\/i0.wp.com\/www.gilpivert.fr\/wp-content\/uploads\/2019\/08\/St-Joseph-2.jpg?resize=1024%2C768&amp;ssl=1 1024w, https:\/\/i0.wp.com\/www.gilpivert.fr\/wp-content\/uploads\/2019\/08\/St-Joseph-2.jpg?resize=705%2C529&amp;ssl=1 705w, https:\/\/i0.wp.com\/www.gilpivert.fr\/wp-content\/uploads\/2019\/08\/St-Joseph-2.jpg?resize=987%2C740&amp;ssl=1 987w, https:\/\/i0.wp.com\/www.gilpivert.fr\/wp-content\/uploads\/2019\/08\/St-Joseph-2.jpg?resize=190%2C140&amp;ssl=1 190w, https:\/\/i0.wp.com\/www.gilpivert.fr\/wp-content\/uploads\/2019\/08\/St-Joseph-2.jpg?w=1200&amp;ssl=1 1200w\" sizes=\"auto, (max-width: 108px) 100vw, 108px\" \/>ce d&rsquo;information sur l&rsquo;architecte Auguste Perret : <a href=\"https:\/\/architectona.wordpress.com\/\">Institut Auguste Perret<\/a><\/p>\n<\/div>\n<p><br class=\"clear\"\/><\/p>\n<\/div>\n<\/div>\n<\/div>\n<\/div>\n<\/div>\n<div  class=\"one withsmallpadding ppb_header \" style=\"text-align:left;padding:10px 0 10px 0;\" >\n<div class=\"standard_wrapper\">\n<div class=\"page_content_wrapper\">\n<div class=\"inner\">\n<div style=\"margin:auto;width:100%\">\n<h2 class=\"ppb_title\" style=\"\">Revues et galeries<\/h2>\n<div class=\"page_header_sep left\"><\/div>\n<p><a href=\"https:\/\/loeildelaphotographie.com\/fr\/\">L\u2019\u0153il de la photographie<\/a> est un magazine plein de tr\u00e8s belles images et une mine de lieux d&rsquo;exposition.<\/p>\n<\/div>\n<\/div>\n<\/div>\n<\/div>\n<\/div>\n<div class=\"standard_wrapper\">\n<div  class=\"one withsmallpadding\" style=\"padding:10px 0 10px 0;\" >\n<div class=\"page_content_wrapper\">\n<div class=\"inner\">\n<div class=\"inner_wrapper\">\n<div class=\"sidebar_content full_width nopadding\">\n<div class=\"sidebar_content page_content\">\n<div class=\"ppb_content\">Si vous souhaitez travailler avec moi, n&rsquo;h\u00e9sitez pas \u00e0 me contacter :<\/div>\n<div id=\"reponse_msg_17506830461289669299\" class=\"contact_form_response\">\n<ul><\/ul>\n<\/div>\n<form id=\"contact_form_17506830461289669299\" class=\"contact_form_wrapper\" method=\"post\" action=\"\/wp-admin\/admin-ajax.php\"><input type=\"hidden\" id=\"action\" name=\"action\" value=\"pp_contact_mailer\"\/><label for=\"your_name\">Name *<\/label><br \/>\n    \t\t\t\t<input id=\"your_name\" name=\"your_name\" type=\"text\" class=\"required_field\" placeholder=\"Name *\"\/><br \/>\n    \t\t\t\t<label for=\"email\">Email *<\/label><br \/>\n    \t\t\t\t<input id=\"email\" name=\"email\" type=\"text\" class=\"required_field email\" placeholder=\"Email *\"\/><br \/>\n    \t\t\t\t<label for=\"message\">Message *<\/label><br \/>\n    \t\t\t\t<textarea id=\"message\" name=\"message\" rows=\"7\" cols=\"10\" class=\"required_field\" style=\"width:95.5%;\" placeholder=\"Message *\"><\/textarea><\/p>\n<div class=\"contact_submit_wrapper\">\n    \t<input id=\"contact_submit_btn17506830461289669299\" name=\"contact_submit_btn17506830461289669299\" type=\"submit\" class=\"solidbg\" value=\"Send\"\/>\n    <\/div>\n<\/form>\n<\/div>\n<div class=\"sidebar_wrapper\">\n<div class=\"sidebar\">\n<div class=\"content\">\n<ul class=\"sidebar_widget\"><\/ul>\n<\/div>\n<\/div>\n<\/div>\n<\/div>\n<\/div>\n<\/div>\n<\/div>\n<\/div>\n<\/div>\n","protected":false},"excerpt":{"rendered":"<p>Je pratique assez peu les \u00e9changes de liens. Les sites que vous trouverez ici, sont ceux d&rsquo;artistes, photographes ou non que j&rsquo;admire particuli\u00e8rement. Il ne r\u00e9sultent pas d&rsquo;\u00e9change de bon proc\u00e9d\u00e9s mais d&rsquo;un choix personnel. J&rsquo;ai d\u00e9couvert le site de [&hellip;]<\/p>\n","protected":false},"author":1,"featured_media":0,"parent":0,"menu_order":0,"comment_status":"closed","ping_status":"closed","template":"","meta":{"ngg_post_thumbnail":0,"footnotes":""},"class_list":["post-4130","page","type-page","status-publish","hentry"],"yoast_head":"<!-- This site is optimized with the Yoast SEO plugin v27.5 - https:\/\/yoast.com\/product\/yoast-seo-wordpress\/ -->\n<title>Liens - Gil Pivert<\/title>\n<meta name=\"description\" content=\"Les sites que vous trouverez ici, sont ceux d\u2019artistes, photographes ou non que j\u2019admire particuli\u00e8rement. Ils ne r\u00e9sultent pas d\u2019\u00e9change de bon proc\u00e9d\u00e9s.\" \/>\n<meta name=\"robots\" content=\"index, follow, max-snippet:-1, max-image-preview:large, max-video-preview:-1\" \/>\n<link rel=\"canonical\" href=\"https:\/\/www.gilpivert.fr\/index.php\/liens\/\" \/>\n<meta property=\"og:locale\" content=\"fr_FR\" \/>\n<meta property=\"og:type\" content=\"article\" \/>\n<meta property=\"og:title\" content=\"Liens - Gil Pivert\" \/>\n<meta property=\"og:description\" content=\"Les sites que vous trouverez ici, sont ceux d\u2019artistes, photographes ou non que j\u2019admire particuli\u00e8rement. Ils ne r\u00e9sultent pas d\u2019\u00e9change de bon proc\u00e9d\u00e9s.\" \/>\n<meta property=\"og:url\" content=\"https:\/\/www.gilpivert.fr\/index.php\/liens\/\" \/>\n<meta property=\"og:site_name\" content=\"Gil Pivert\" \/>\n<meta property=\"article:modified_time\" content=\"2025-06-23T12:50:46+00:00\" \/>\n<meta property=\"og:image\" content=\"https:\/\/i0.wp.com\/www.gilpivert.fr\/wp-content\/uploads\/2019\/10\/Capture.png?resize=150%2C150&#038;ssl=1\" \/>\n<meta name=\"twitter:card\" content=\"summary_large_image\" \/>\n<meta name=\"twitter:label1\" content=\"Dur\u00e9e de lecture estim\u00e9e\" \/>\n\t<meta name=\"twitter:data1\" content=\"1 minute\" \/>\n<script type=\"application\/ld+json\" class=\"yoast-schema-graph\">{\"@context\":\"https:\\\/\\\/schema.org\",\"@graph\":[{\"@type\":\"WebPage\",\"@id\":\"https:\\\/\\\/www.gilpivert.fr\\\/index.php\\\/liens\\\/\",\"url\":\"https:\\\/\\\/www.gilpivert.fr\\\/index.php\\\/liens\\\/\",\"name\":\"Liens - Gil Pivert\",\"isPartOf\":{\"@id\":\"https:\\\/\\\/www.gilpivert.fr\\\/#website\"},\"primaryImageOfPage\":{\"@id\":\"https:\\\/\\\/www.gilpivert.fr\\\/index.php\\\/liens\\\/#primaryimage\"},\"image\":{\"@id\":\"https:\\\/\\\/www.gilpivert.fr\\\/index.php\\\/liens\\\/#primaryimage\"},\"thumbnailUrl\":\"https:\\\/\\\/i0.wp.com\\\/www.gilpivert.fr\\\/wp-content\\\/uploads\\\/2019\\\/10\\\/Capture.png?resize=150%2C150&#038;ssl=1\",\"datePublished\":\"2019-10-10T10:31:51+00:00\",\"dateModified\":\"2025-06-23T12:50:46+00:00\",\"description\":\"Les sites que vous trouverez ici, sont ceux d\u2019artistes, photographes ou non que j\u2019admire particuli\u00e8rement. Ils ne r\u00e9sultent pas d\u2019\u00e9change de bon proc\u00e9d\u00e9s.\",\"breadcrumb\":{\"@id\":\"https:\\\/\\\/www.gilpivert.fr\\\/index.php\\\/liens\\\/#breadcrumb\"},\"inLanguage\":\"fr-FR\",\"potentialAction\":[{\"@type\":\"ReadAction\",\"target\":[\"https:\\\/\\\/www.gilpivert.fr\\\/index.php\\\/liens\\\/\"]}]},{\"@type\":\"ImageObject\",\"inLanguage\":\"fr-FR\",\"@id\":\"https:\\\/\\\/www.gilpivert.fr\\\/index.php\\\/liens\\\/#primaryimage\",\"url\":\"https:\\\/\\\/i0.wp.com\\\/www.gilpivert.fr\\\/wp-content\\\/uploads\\\/2019\\\/10\\\/Capture.png?resize=150%2C150&#038;ssl=1\",\"contentUrl\":\"https:\\\/\\\/i0.wp.com\\\/www.gilpivert.fr\\\/wp-content\\\/uploads\\\/2019\\\/10\\\/Capture.png?resize=150%2C150&#038;ssl=1\"},{\"@type\":\"BreadcrumbList\",\"@id\":\"https:\\\/\\\/www.gilpivert.fr\\\/index.php\\\/liens\\\/#breadcrumb\",\"itemListElement\":[{\"@type\":\"ListItem\",\"position\":1,\"name\":\"Accueil\",\"item\":\"https:\\\/\\\/www.gilpivert.fr\\\/\"},{\"@type\":\"ListItem\",\"position\":2,\"name\":\"Liens\"}]},{\"@type\":\"WebSite\",\"@id\":\"https:\\\/\\\/www.gilpivert.fr\\\/#website\",\"url\":\"https:\\\/\\\/www.gilpivert.fr\\\/\",\"name\":\"Gil Pivert\",\"description\":\"Photos d\u2019art, culture et partage : R\u00eaver les yeux ouverts\",\"publisher\":{\"@id\":\"https:\\\/\\\/www.gilpivert.fr\\\/#organization\"},\"potentialAction\":[{\"@type\":\"SearchAction\",\"target\":{\"@type\":\"EntryPoint\",\"urlTemplate\":\"https:\\\/\\\/www.gilpivert.fr\\\/?s={search_term_string}\"},\"query-input\":{\"@type\":\"PropertyValueSpecification\",\"valueRequired\":true,\"valueName\":\"search_term_string\"}}],\"inLanguage\":\"fr-FR\"},{\"@type\":\"Organization\",\"@id\":\"https:\\\/\\\/www.gilpivert.fr\\\/#organization\",\"name\":\"Gil Pivert\",\"url\":\"https:\\\/\\\/www.gilpivert.fr\\\/\",\"logo\":{\"@type\":\"ImageObject\",\"inLanguage\":\"fr-FR\",\"@id\":\"https:\\\/\\\/www.gilpivert.fr\\\/#\\\/schema\\\/logo\\\/image\\\/\",\"url\":\"https:\\\/\\\/i1.wp.com\\\/www.gilpivert.fr\\\/wp-content\\\/uploads\\\/2019\\\/08\\\/Logo-GP-J400p.png?fit=400%2C187&ssl=1\",\"contentUrl\":\"https:\\\/\\\/i1.wp.com\\\/www.gilpivert.fr\\\/wp-content\\\/uploads\\\/2019\\\/08\\\/Logo-GP-J400p.png?fit=400%2C187&ssl=1\",\"width\":400,\"height\":187,\"caption\":\"Gil Pivert\"},\"image\":{\"@id\":\"https:\\\/\\\/www.gilpivert.fr\\\/#\\\/schema\\\/logo\\\/image\\\/\"},\"sameAs\":[\"http:\\\/\\\/gil.pivert\"]}]}<\/script>\n<!-- \/ Yoast SEO plugin. -->","yoast_head_json":{"title":"Liens - Gil Pivert","description":"Les sites que vous trouverez ici, sont ceux d\u2019artistes, photographes ou non que j\u2019admire particuli\u00e8rement. Ils ne r\u00e9sultent pas d\u2019\u00e9change de bon proc\u00e9d\u00e9s.","robots":{"index":"index","follow":"follow","max-snippet":"max-snippet:-1","max-image-preview":"max-image-preview:large","max-video-preview":"max-video-preview:-1"},"canonical":"https:\/\/www.gilpivert.fr\/index.php\/liens\/","og_locale":"fr_FR","og_type":"article","og_title":"Liens - Gil Pivert","og_description":"Les sites que vous trouverez ici, sont ceux d\u2019artistes, photographes ou non que j\u2019admire particuli\u00e8rement. Ils ne r\u00e9sultent pas d\u2019\u00e9change de bon proc\u00e9d\u00e9s.","og_url":"https:\/\/www.gilpivert.fr\/index.php\/liens\/","og_site_name":"Gil Pivert","article_modified_time":"2025-06-23T12:50:46+00:00","og_image":[{"url":"https:\/\/i0.wp.com\/www.gilpivert.fr\/wp-content\/uploads\/2019\/10\/Capture.png?resize=150%2C150&#038;ssl=1","type":"","width":"","height":""}],"twitter_card":"summary_large_image","twitter_misc":{"Dur\u00e9e de lecture estim\u00e9e":"1 minute"},"schema":{"@context":"https:\/\/schema.org","@graph":[{"@type":"WebPage","@id":"https:\/\/www.gilpivert.fr\/index.php\/liens\/","url":"https:\/\/www.gilpivert.fr\/index.php\/liens\/","name":"Liens - Gil Pivert","isPartOf":{"@id":"https:\/\/www.gilpivert.fr\/#website"},"primaryImageOfPage":{"@id":"https:\/\/www.gilpivert.fr\/index.php\/liens\/#primaryimage"},"image":{"@id":"https:\/\/www.gilpivert.fr\/index.php\/liens\/#primaryimage"},"thumbnailUrl":"https:\/\/i0.wp.com\/www.gilpivert.fr\/wp-content\/uploads\/2019\/10\/Capture.png?resize=150%2C150&#038;ssl=1","datePublished":"2019-10-10T10:31:51+00:00","dateModified":"2025-06-23T12:50:46+00:00","description":"Les sites que vous trouverez ici, sont ceux d\u2019artistes, photographes ou non que j\u2019admire particuli\u00e8rement. Ils ne r\u00e9sultent pas d\u2019\u00e9change de bon proc\u00e9d\u00e9s.","breadcrumb":{"@id":"https:\/\/www.gilpivert.fr\/index.php\/liens\/#breadcrumb"},"inLanguage":"fr-FR","potentialAction":[{"@type":"ReadAction","target":["https:\/\/www.gilpivert.fr\/index.php\/liens\/"]}]},{"@type":"ImageObject","inLanguage":"fr-FR","@id":"https:\/\/www.gilpivert.fr\/index.php\/liens\/#primaryimage","url":"https:\/\/i0.wp.com\/www.gilpivert.fr\/wp-content\/uploads\/2019\/10\/Capture.png?resize=150%2C150&#038;ssl=1","contentUrl":"https:\/\/i0.wp.com\/www.gilpivert.fr\/wp-content\/uploads\/2019\/10\/Capture.png?resize=150%2C150&#038;ssl=1"},{"@type":"BreadcrumbList","@id":"https:\/\/www.gilpivert.fr\/index.php\/liens\/#breadcrumb","itemListElement":[{"@type":"ListItem","position":1,"name":"Accueil","item":"https:\/\/www.gilpivert.fr\/"},{"@type":"ListItem","position":2,"name":"Liens"}]},{"@type":"WebSite","@id":"https:\/\/www.gilpivert.fr\/#website","url":"https:\/\/www.gilpivert.fr\/","name":"Gil Pivert","description":"Photos d\u2019art, culture et partage : R\u00eaver les yeux ouverts","publisher":{"@id":"https:\/\/www.gilpivert.fr\/#organization"},"potentialAction":[{"@type":"SearchAction","target":{"@type":"EntryPoint","urlTemplate":"https:\/\/www.gilpivert.fr\/?s={search_term_string}"},"query-input":{"@type":"PropertyValueSpecification","valueRequired":true,"valueName":"search_term_string"}}],"inLanguage":"fr-FR"},{"@type":"Organization","@id":"https:\/\/www.gilpivert.fr\/#organization","name":"Gil Pivert","url":"https:\/\/www.gilpivert.fr\/","logo":{"@type":"ImageObject","inLanguage":"fr-FR","@id":"https:\/\/www.gilpivert.fr\/#\/schema\/logo\/image\/","url":"https:\/\/i1.wp.com\/www.gilpivert.fr\/wp-content\/uploads\/2019\/08\/Logo-GP-J400p.png?fit=400%2C187&ssl=1","contentUrl":"https:\/\/i1.wp.com\/www.gilpivert.fr\/wp-content\/uploads\/2019\/08\/Logo-GP-J400p.png?fit=400%2C187&ssl=1","width":400,"height":187,"caption":"Gil Pivert"},"image":{"@id":"https:\/\/www.gilpivert.fr\/#\/schema\/logo\/image\/"},"sameAs":["http:\/\/gil.pivert"]}]}},"jetpack_shortlink":"https:\/\/wp.me\/PaTRHF-14C","jetpack_likes_enabled":false,"jetpack_sharing_enabled":false,"_links":{"self":[{"href":"https:\/\/www.gilpivert.fr\/index.php\/wp-json\/wp\/v2\/pages\/4130","targetHints":{"allow":["GET"]}}],"collection":[{"href":"https:\/\/www.gilpivert.fr\/index.php\/wp-json\/wp\/v2\/pages"}],"about":[{"href":"https:\/\/www.gilpivert.fr\/index.php\/wp-json\/wp\/v2\/types\/page"}],"author":[{"embeddable":true,"href":"https:\/\/www.gilpivert.fr\/index.php\/wp-json\/wp\/v2\/users\/1"}],"replies":[{"embeddable":true,"href":"https:\/\/www.gilpivert.fr\/index.php\/wp-json\/wp\/v2\/comments?post=4130"}],"version-history":[{"count":80,"href":"https:\/\/www.gilpivert.fr\/index.php\/wp-json\/wp\/v2\/pages\/4130\/revisions"}],"predecessor-version":[{"id":6829,"href":"https:\/\/www.gilpivert.fr\/index.php\/wp-json\/wp\/v2\/pages\/4130\/revisions\/6829"}],"wp:attachment":[{"href":"https:\/\/www.gilpivert.fr\/index.php\/wp-json\/wp\/v2\/media?parent=4130"}],"curies":[{"name":"wp","href":"https:\/\/api.w.org\/{rel}","templated":true}]}}