{"id":4068,"date":"2019-10-07T20:02:10","date_gmt":"2019-10-07T18:02:10","guid":{"rendered":"https:\/\/www.gilpivert.fr\/?page_id=4068"},"modified":"2021-12-08T16:19:07","modified_gmt":"2021-12-08T15:19:07","slug":"portfolios","status":"publish","type":"page","link":"https:\/\/www.gilpivert.fr\/index.php\/portfolios\/","title":{"rendered":"Les portfolios&#8230;"},"content":{"rendered":"<div  class=\"one withsmallpadding ppb_header \" style=\"text-align:left;padding:30px 0 30px 0;\" >\n<div class=\"standard_wrapper\">\n<div class=\"page_content_wrapper\">\n<div class=\"inner\">\n<div style=\"margin:auto;width:100%\">\n<p>Les portfolios&#8230; sont des s\u00e9ries de photographies trait\u00e9es avec soin pour cr\u00e9er un fil esth\u00e9tique, culturel ou narratif coh\u00e9rent.<\/p>\n<p>Ils peuvent constituer une exposition\u00a0 ou s&rsquo;int\u00e9grer dans une pr\u00e9sentation th\u00e9matique. Les format carr\u00e9s noir et blanc sont destin\u00e9 \u00e0 \u00eatre tir\u00e9 en petits formats 18cm x 18cm sur un papier mat. Les autres peuvent \u00eatre agrandis \u00e0 votre convenance.<\/p>\n<p>Ces photographies sont disponibles en tirage limit\u00e9 \u00e0 30 exemplaires sign\u00e9s, num\u00e9rot\u00e9s et accompagn\u00e9s d\u2019un certificat d\u2019authenticit\u00e9.<\/p>\n<p>Merci de bien vouloir utiliser le <a href=\"\/index.php\/contact\/\">formulaire de Contact<\/a> si vous souhaitez vous renseigner sur mon travail.<\/p>\n<p>\u00a0<\/p>\n<\/div>\n<\/div>\n<\/div>\n<\/div>\n<\/div>\n<div  class=\"one withsmallpadding ppb_header \" style=\"text-align:left;padding:30px 0 30px 0;\" >\n<div class=\"standard_wrapper\">\n<div class=\"page_content_wrapper\">\n<div class=\"inner\">\n<div style=\"margin:auto;width:100%\">\n<p>Les portfolios&#8230; sont des s\u00e9ries de photographies trait\u00e9es avec soin pour cr\u00e9er un fil esth\u00e9tique, culturel ou narratif coh\u00e9rent.<\/p>\n<p>Ils peuvent constituer une exposition\u00a0 ou s&rsquo;int\u00e9grer dans une pr\u00e9sentation th\u00e9matique. Les format carr\u00e9s noir et blanc sont destin\u00e9 \u00e0 \u00eatre tir\u00e9 en petits formats 18cm x 18cm sur un papier mat. Les autres peuvent \u00eatre agrandis \u00e0 votre convenance.<\/p>\n<p>Ces photographies sont disponibles en tirage limit\u00e9 \u00e0 30 exemplaires sign\u00e9s, num\u00e9rot\u00e9s et accompagn\u00e9s d\u2019un certificat d\u2019authenticit\u00e9.<\/p>\n<p>Merci de bien vouloir utiliser le <a href=\"\/index.php\/contact\/\">formulaire de Contact<\/a> si vous souhaitez vous renseigner sur mon travail.<\/p>\n<p>\u00a0<\/p>\n<\/div>\n<\/div>\n<\/div>\n<\/div>\n<\/div>\n<div  class=\"one withsmallpadding ppb_text\" style=\"padding:30px 0 30px 0;\" >\n<div class=\"standard_wrapper\">\n<div class=\"page_content_wrapper\">\n<div class=\"inner\">\n<div style=\"margin:auto;width:100%\">\n<p>Ces collections sont destin\u00e9es \u00e0 \u00eatre expos\u00e9es. Je suis \u00e0 la recherche d&rsquo;un lieu pour les accueillir, si vous connaissez une galerie ou que vous pr\u00e9parez une exposition,\u00a0 <a href=\"https:\/\/www.gilpivert.fr\/index.php\/contact\/\">contactez-moi<\/a>. Merci !<\/p>\n<\/div>\n<\/div>\n<\/div>\n<\/div>\n<\/div>\n","protected":false},"excerpt":{"rendered":"<p>Les portfolios&#8230; sont des s\u00e9ries de photographies trait\u00e9es avec soin pour cr\u00e9er un fil esth\u00e9tique, culturel ou narratif coh\u00e9rent. Ils peuvent constituer une exposition\u00a0 ou s&rsquo;int\u00e9grer dans une pr\u00e9sentation th\u00e9matique. Les format carr\u00e9s noir et blanc sont destin\u00e9 \u00e0 \u00eatre [&hellip;]<\/p>\n","protected":false},"author":1,"featured_media":0,"parent":0,"menu_order":0,"comment_status":"open","ping_status":"closed","template":"","meta":{"ngg_post_thumbnail":0,"footnotes":""},"class_list":["post-4068","page","type-page","status-publish","hentry"],"yoast_head":"<!-- This site is optimized with the Yoast SEO plugin v27.5 - https:\/\/yoast.com\/product\/yoast-seo-wordpress\/ -->\n<title>Les portfolios... - Gil Pivert<\/title>\n<meta name=\"description\" content=\"Les portfolios... sont des s\u00e9ries de photographies trait\u00e9es avec soin pour cr\u00e9er un fil esth\u00e9tique, culturel ou narratif coh\u00e9rent.\" \/>\n<meta name=\"robots\" content=\"index, follow, max-snippet:-1, max-image-preview:large, max-video-preview:-1\" \/>\n<link rel=\"canonical\" href=\"https:\/\/www.gilpivert.fr\/index.php\/portfolios\/\" \/>\n<meta property=\"og:locale\" content=\"fr_FR\" \/>\n<meta property=\"og:type\" content=\"article\" \/>\n<meta property=\"og:title\" content=\"Les portfolios... - Gil Pivert\" \/>\n<meta property=\"og:description\" content=\"Les portfolios... sont des s\u00e9ries de photographies trait\u00e9es avec soin pour cr\u00e9er un fil esth\u00e9tique, culturel ou narratif coh\u00e9rent.\" \/>\n<meta property=\"og:url\" content=\"https:\/\/www.gilpivert.fr\/index.php\/portfolios\/\" \/>\n<meta property=\"og:site_name\" content=\"Gil Pivert\" \/>\n<meta property=\"article:modified_time\" content=\"2021-12-08T15:19:07+00:00\" \/>\n<meta name=\"twitter:card\" content=\"summary_large_image\" \/>\n<meta name=\"twitter:label1\" content=\"Dur\u00e9e de lecture estim\u00e9e\" \/>\n\t<meta name=\"twitter:data1\" content=\"1 minute\" \/>\n<script type=\"application\/ld+json\" class=\"yoast-schema-graph\">{\"@context\":\"https:\\\/\\\/schema.org\",\"@graph\":[{\"@type\":\"WebPage\",\"@id\":\"https:\\\/\\\/www.gilpivert.fr\\\/index.php\\\/portfolios\\\/\",\"url\":\"https:\\\/\\\/www.gilpivert.fr\\\/index.php\\\/portfolios\\\/\",\"name\":\"Les portfolios... - Gil Pivert\",\"isPartOf\":{\"@id\":\"https:\\\/\\\/www.gilpivert.fr\\\/#website\"},\"datePublished\":\"2019-10-07T18:02:10+00:00\",\"dateModified\":\"2021-12-08T15:19:07+00:00\",\"description\":\"Les portfolios... sont des s\u00e9ries de photographies trait\u00e9es avec soin pour cr\u00e9er un fil esth\u00e9tique, culturel ou narratif coh\u00e9rent.\",\"breadcrumb\":{\"@id\":\"https:\\\/\\\/www.gilpivert.fr\\\/index.php\\\/portfolios\\\/#breadcrumb\"},\"inLanguage\":\"fr-FR\",\"potentialAction\":[{\"@type\":\"ReadAction\",\"target\":[\"https:\\\/\\\/www.gilpivert.fr\\\/index.php\\\/portfolios\\\/\"]}]},{\"@type\":\"BreadcrumbList\",\"@id\":\"https:\\\/\\\/www.gilpivert.fr\\\/index.php\\\/portfolios\\\/#breadcrumb\",\"itemListElement\":[{\"@type\":\"ListItem\",\"position\":1,\"name\":\"Accueil\",\"item\":\"https:\\\/\\\/www.gilpivert.fr\\\/\"},{\"@type\":\"ListItem\",\"position\":2,\"name\":\"Les portfolios&#8230;\"}]},{\"@type\":\"WebSite\",\"@id\":\"https:\\\/\\\/www.gilpivert.fr\\\/#website\",\"url\":\"https:\\\/\\\/www.gilpivert.fr\\\/\",\"name\":\"Gil Pivert\",\"description\":\"Photos d\u2019art, culture et partage : R\u00eaver les yeux ouverts\",\"publisher\":{\"@id\":\"https:\\\/\\\/www.gilpivert.fr\\\/#organization\"},\"potentialAction\":[{\"@type\":\"SearchAction\",\"target\":{\"@type\":\"EntryPoint\",\"urlTemplate\":\"https:\\\/\\\/www.gilpivert.fr\\\/?s={search_term_string}\"},\"query-input\":{\"@type\":\"PropertyValueSpecification\",\"valueRequired\":true,\"valueName\":\"search_term_string\"}}],\"inLanguage\":\"fr-FR\"},{\"@type\":\"Organization\",\"@id\":\"https:\\\/\\\/www.gilpivert.fr\\\/#organization\",\"name\":\"Gil Pivert\",\"url\":\"https:\\\/\\\/www.gilpivert.fr\\\/\",\"logo\":{\"@type\":\"ImageObject\",\"inLanguage\":\"fr-FR\",\"@id\":\"https:\\\/\\\/www.gilpivert.fr\\\/#\\\/schema\\\/logo\\\/image\\\/\",\"url\":\"https:\\\/\\\/i1.wp.com\\\/www.gilpivert.fr\\\/wp-content\\\/uploads\\\/2019\\\/08\\\/Logo-GP-J400p.png?fit=400%2C187&ssl=1\",\"contentUrl\":\"https:\\\/\\\/i1.wp.com\\\/www.gilpivert.fr\\\/wp-content\\\/uploads\\\/2019\\\/08\\\/Logo-GP-J400p.png?fit=400%2C187&ssl=1\",\"width\":400,\"height\":187,\"caption\":\"Gil Pivert\"},\"image\":{\"@id\":\"https:\\\/\\\/www.gilpivert.fr\\\/#\\\/schema\\\/logo\\\/image\\\/\"},\"sameAs\":[\"http:\\\/\\\/gil.pivert\"]}]}<\/script>\n<!-- \/ Yoast SEO plugin. -->","yoast_head_json":{"title":"Les portfolios... - Gil Pivert","description":"Les portfolios... sont des s\u00e9ries de photographies trait\u00e9es avec soin pour cr\u00e9er un fil esth\u00e9tique, culturel ou narratif coh\u00e9rent.","robots":{"index":"index","follow":"follow","max-snippet":"max-snippet:-1","max-image-preview":"max-image-preview:large","max-video-preview":"max-video-preview:-1"},"canonical":"https:\/\/www.gilpivert.fr\/index.php\/portfolios\/","og_locale":"fr_FR","og_type":"article","og_title":"Les portfolios... - Gil Pivert","og_description":"Les portfolios... sont des s\u00e9ries de photographies trait\u00e9es avec soin pour cr\u00e9er un fil esth\u00e9tique, culturel ou narratif coh\u00e9rent.","og_url":"https:\/\/www.gilpivert.fr\/index.php\/portfolios\/","og_site_name":"Gil Pivert","article_modified_time":"2021-12-08T15:19:07+00:00","twitter_card":"summary_large_image","twitter_misc":{"Dur\u00e9e de lecture estim\u00e9e":"1 minute"},"schema":{"@context":"https:\/\/schema.org","@graph":[{"@type":"WebPage","@id":"https:\/\/www.gilpivert.fr\/index.php\/portfolios\/","url":"https:\/\/www.gilpivert.fr\/index.php\/portfolios\/","name":"Les portfolios... - Gil Pivert","isPartOf":{"@id":"https:\/\/www.gilpivert.fr\/#website"},"datePublished":"2019-10-07T18:02:10+00:00","dateModified":"2021-12-08T15:19:07+00:00","description":"Les portfolios... sont des s\u00e9ries de photographies trait\u00e9es avec soin pour cr\u00e9er un fil esth\u00e9tique, culturel ou narratif coh\u00e9rent.","breadcrumb":{"@id":"https:\/\/www.gilpivert.fr\/index.php\/portfolios\/#breadcrumb"},"inLanguage":"fr-FR","potentialAction":[{"@type":"ReadAction","target":["https:\/\/www.gilpivert.fr\/index.php\/portfolios\/"]}]},{"@type":"BreadcrumbList","@id":"https:\/\/www.gilpivert.fr\/index.php\/portfolios\/#breadcrumb","itemListElement":[{"@type":"ListItem","position":1,"name":"Accueil","item":"https:\/\/www.gilpivert.fr\/"},{"@type":"ListItem","position":2,"name":"Les portfolios&#8230;"}]},{"@type":"WebSite","@id":"https:\/\/www.gilpivert.fr\/#website","url":"https:\/\/www.gilpivert.fr\/","name":"Gil Pivert","description":"Photos d\u2019art, culture et partage : R\u00eaver les yeux ouverts","publisher":{"@id":"https:\/\/www.gilpivert.fr\/#organization"},"potentialAction":[{"@type":"SearchAction","target":{"@type":"EntryPoint","urlTemplate":"https:\/\/www.gilpivert.fr\/?s={search_term_string}"},"query-input":{"@type":"PropertyValueSpecification","valueRequired":true,"valueName":"search_term_string"}}],"inLanguage":"fr-FR"},{"@type":"Organization","@id":"https:\/\/www.gilpivert.fr\/#organization","name":"Gil Pivert","url":"https:\/\/www.gilpivert.fr\/","logo":{"@type":"ImageObject","inLanguage":"fr-FR","@id":"https:\/\/www.gilpivert.fr\/#\/schema\/logo\/image\/","url":"https:\/\/i1.wp.com\/www.gilpivert.fr\/wp-content\/uploads\/2019\/08\/Logo-GP-J400p.png?fit=400%2C187&ssl=1","contentUrl":"https:\/\/i1.wp.com\/www.gilpivert.fr\/wp-content\/uploads\/2019\/08\/Logo-GP-J400p.png?fit=400%2C187&ssl=1","width":400,"height":187,"caption":"Gil Pivert"},"image":{"@id":"https:\/\/www.gilpivert.fr\/#\/schema\/logo\/image\/"},"sameAs":["http:\/\/gil.pivert"]}]}},"jetpack_shortlink":"https:\/\/wp.me\/PaTRHF-13C","jetpack_likes_enabled":false,"jetpack_sharing_enabled":true,"_links":{"self":[{"href":"https:\/\/www.gilpivert.fr\/index.php\/wp-json\/wp\/v2\/pages\/4068","targetHints":{"allow":["GET"]}}],"collection":[{"href":"https:\/\/www.gilpivert.fr\/index.php\/wp-json\/wp\/v2\/pages"}],"about":[{"href":"https:\/\/www.gilpivert.fr\/index.php\/wp-json\/wp\/v2\/types\/page"}],"author":[{"embeddable":true,"href":"https:\/\/www.gilpivert.fr\/index.php\/wp-json\/wp\/v2\/users\/1"}],"replies":[{"embeddable":true,"href":"https:\/\/www.gilpivert.fr\/index.php\/wp-json\/wp\/v2\/comments?post=4068"}],"version-history":[{"count":195,"href":"https:\/\/www.gilpivert.fr\/index.php\/wp-json\/wp\/v2\/pages\/4068\/revisions"}],"predecessor-version":[{"id":6692,"href":"https:\/\/www.gilpivert.fr\/index.php\/wp-json\/wp\/v2\/pages\/4068\/revisions\/6692"}],"wp:attachment":[{"href":"https:\/\/www.gilpivert.fr\/index.php\/wp-json\/wp\/v2\/media?parent=4068"}],"curies":[{"name":"wp","href":"https:\/\/api.w.org\/{rel}","templated":true}]}}

<div  class="one withsmallpadding ppb_header " style="text-align:left;padding:30px 0 30px 0;" >
<div class="standard_wrapper">
<div class="page_content_wrapper">
<div class="inner">
<div style="margin:auto;width:100%">
<p>Les portfolios&#8230; sont des séries de photographies traitées avec soin pour créer un fil esthétique, culturel ou narratif cohérent.</p>
<p>Ils peuvent constituer une exposition  ou s&rsquo;intégrer dans une présentation thématique. Les format carrés noir et blanc sont destiné à être tiré en petits formats 18cm x 18cm sur un papier mat. Les autres peuvent être agrandis à votre convenance.</p>
<p>Ces photographies sont disponibles en tirage limité à 30 exemplaires signés, numérotés et accompagnés d’un certificat d’authenticité.</p>
<p>Merci de bien vouloir utiliser le <a href="/index.php/contact/">formulaire de Contact</a> si vous souhaitez vous renseigner sur mon travail.</p>
<p> </p>
</div>
</div>
</div>
</div>
</div>
<div  class="one withsmallpadding ppb_header " style="text-align:left;padding:30px 0 30px 0;" >
<div class="standard_wrapper">
<div class="page_content_wrapper">
<div class="inner">
<div style="margin:auto;width:100%">
<p>Les portfolios&#8230; sont des séries de photographies traitées avec soin pour créer un fil esthétique, culturel ou narratif cohérent.</p>
<p>Ils peuvent constituer une exposition  ou s&rsquo;intégrer dans une présentation thématique. Les format carrés noir et blanc sont destiné à être tiré en petits formats 18cm x 18cm sur un papier mat. Les autres peuvent être agrandis à votre convenance.</p>
<p>Ces photographies sont disponibles en tirage limité à 30 exemplaires signés, numérotés et accompagnés d’un certificat d’authenticité.</p>
<p>Merci de bien vouloir utiliser le <a href="/index.php/contact/">formulaire de Contact</a> si vous souhaitez vous renseigner sur mon travail.</p>
<p> </p>
</div>
</div>
</div>
</div>
</div>
<div  class="one withsmallpadding ppb_text" style="padding:30px 0 30px 0;" >
<div class="standard_wrapper">
<div class="page_content_wrapper">
<div class="inner">
<div style="margin:auto;width:100%">
<p>Ces collections sont destinées à être exposées. Je suis à la recherche d&rsquo;un lieu pour les accueillir, si vous connaissez une galerie ou que vous préparez une exposition,  <a href="https://www.gilpivert.fr/index.php/contact/">contactez-moi</a>. Merci !</p>
</div>
</div>
</div>
</div>
</div>

<p>Les portfolios&#8230; sont des séries de photographies traitées avec soin pour créer un fil esthétique, culturel ou narratif cohérent. Ils peuvent constituer une exposition  ou s&rsquo;intégrer dans une présentation thématique. Les format carrés noir et blanc sont destiné à être [&hellip;]</p>

<!-- This site is optimized with the Yoast SEO plugin v27.5 - https://yoast.com/product/yoast-seo-wordpress/ -->
<title>Les portfolios... - Gil Pivert</title>
<meta name="description" content="Les portfolios... sont des séries de photographies traitées avec soin pour créer un fil esthétique, culturel ou narratif cohérent." />
<meta name="robots" content="index, follow, max-snippet:-1, max-image-preview:large, max-video-preview:-1" />
<link rel="canonical" href="https://www.gilpivert.fr/index.php/portfolios/" />
<meta property="og:locale" content="fr_FR" />
<meta property="og:type" content="article" />
<meta property="og:title" content="Les portfolios... - Gil Pivert" />
<meta property="og:description" content="Les portfolios... sont des séries de photographies traitées avec soin pour créer un fil esthétique, culturel ou narratif cohérent." />
<meta property="og:url" content="https://www.gilpivert.fr/index.php/portfolios/" />
<meta property="og:site_name" content="Gil Pivert" />
<meta property="article:modified_time" content="2021-12-08T15:19:07+00:00" />
<meta name="twitter:card" content="summary_large_image" />
<meta name="twitter:label1" content="Durée de lecture estimée" />
	<meta name="twitter:data1" content="1 minute" />
<script type="application/ld+json" class="yoast-schema-graph">{"@context":"https:\/\/schema.org","@graph":[{"@type":"WebPage","@id":"https:\/\/www.gilpivert.fr\/index.php\/portfolios\/","url":"https:\/\/www.gilpivert.fr\/index.php\/portfolios\/","name":"Les portfolios... - Gil Pivert","isPartOf":{"@id":"https:\/\/www.gilpivert.fr\/#website"},"datePublished":"2019-10-07T18:02:10+00:00","dateModified":"2021-12-08T15:19:07+00:00","description":"Les portfolios... sont des séries de photographies traitées avec soin pour créer un fil esthétique, culturel ou narratif cohérent.","breadcrumb":{"@id":"https:\/\/www.gilpivert.fr\/index.php\/portfolios\/#breadcrumb"},"inLanguage":"fr-FR","potentialAction":[{"@type":"ReadAction","target":["https:\/\/www.gilpivert.fr\/index.php\/portfolios\/"]}]},{"@type":"BreadcrumbList","@id":"https:\/\/www.gilpivert.fr\/index.php\/portfolios\/#breadcrumb","itemListElement":[{"@type":"ListItem","position":1,"name":"Accueil","item":"https:\/\/www.gilpivert.fr\/"},{"@type":"ListItem","position":2,"name":"Les portfolios&#8230;"}]},{"@type":"WebSite","@id":"https:\/\/www.gilpivert.fr\/#website","url":"https:\/\/www.gilpivert.fr\/","name":"Gil Pivert","description":"Photos d’art, culture et partage : Rêver les yeux ouverts","publisher":{"@id":"https:\/\/www.gilpivert.fr\/#organization"},"potentialAction":[{"@type":"SearchAction","target":{"@type":"EntryPoint","urlTemplate":"https:\/\/www.gilpivert.fr\/?s={search_term_string}"},"query-input":{"@type":"PropertyValueSpecification","valueRequired":true,"valueName":"search_term_string"}}],"inLanguage":"fr-FR"},{"@type":"Organization","@id":"https:\/\/www.gilpivert.fr\/#organization","name":"Gil Pivert","url":"https:\/\/www.gilpivert.fr\/","logo":{"@type":"ImageObject","inLanguage":"fr-FR","@id":"https:\/\/www.gilpivert.fr\/#\/schema\/logo\/image\/","url":"https:\/\/i1.wp.com\/www.gilpivert.fr\/wp-content\/uploads\/2019\/08\/Logo-GP-J400p.png?fit=400%2C187&ssl=1","contentUrl":"https:\/\/i1.wp.com\/www.gilpivert.fr\/wp-content\/uploads\/2019\/08\/Logo-GP-J400p.png?fit=400%2C187&ssl=1","width":400,"height":187,"caption":"Gil Pivert"},"image":{"@id":"https:\/\/www.gilpivert.fr\/#\/schema\/logo\/image\/"},"sameAs":["http:\/\/gil.pivert"]}]}</script>
<!-- / Yoast SEO plugin. -->

Les portfolios... sont des séries de photographies traitées avec soin pour créer un fil esthétique, culturel ou narratif cohérent.

Photos d’art, culture et partage : Rêver les yeux ouverts
