{"id":3904,"date":"2019-10-01T19:03:11","date_gmt":"2019-10-01T17:03:11","guid":{"rendered":"https:\/\/www.gilpivert.fr\/?page_id=3904"},"modified":"2021-12-08T16:20:13","modified_gmt":"2021-12-08T15:20:13","slug":"vente-de-tirages-dart","status":"publish","type":"page","link":"https:\/\/www.gilpivert.fr\/index.php\/vente-de-tirages-dart\/","title":{"rendered":"Personnalisez votre int\u00e9rieur avec des photos originales"},"content":{"rendered":"<div  class=\"one withsmallpadding ppb_header \" style=\"text-align:left;padding:30px 0 30px 0;\" >\n<div class=\"standard_wrapper\">\n<div class=\"page_content_wrapper\">\n<div class=\"inner\">\n<div style=\"margin:auto;width:100%\">\n<p>Ne mettez pas n\u2019importe quoi sur vos murs ! Les photographies pr\u00e9sent\u00e9es sur cette page (<a href=\"https:\/\/www.gilpivert.fr\/index.php\/portfolios\/\">comme celles des Portfolios<\/a>) sont disponibles en tirage limit\u00e9 \u00e0 30 exemplaires. Ils sont num\u00e9rot\u00e9s, sign\u00e9s et livr\u00e9s avec un certificat d\u2019authenticit\u00e9. Ils sont r\u00e9alis\u00e9s par un laboratoire professionnel en qualit\u00e9 <em>Fine art<\/em>. C\u2019est tellement mieux que des posters !<\/p>\n<\/div>\n<\/div>\n<\/div>\n<\/div>\n<\/div>\n<div  class=\"one withsmallpadding ppb_header \" style=\"text-align:left;padding:30px 0 30px 0;\" >\n<div class=\"standard_wrapper\">\n<div class=\"page_content_wrapper\">\n<div class=\"inner\">\n<div style=\"margin:auto;width:100%\">\n<p>Ne mettez pas n\u2019importe quoi sur vos murs ! Les photographies pr\u00e9sent\u00e9es sur cette page (<a href=\"https:\/\/www.gilpivert.fr\/index.php\/portfolios\/\">comme celles des Portfolios<\/a>) sont disponibles en tirage limit\u00e9 \u00e0 30 exemplaires. Ils sont num\u00e9rot\u00e9s, sign\u00e9s et livr\u00e9s avec un certificat d\u2019authenticit\u00e9. Ils sont r\u00e9alis\u00e9s par un laboratoire professionnel en qualit\u00e9 <em>Fine art<\/em>. C\u2019est tellement mieux que des posters !<\/p>\n<\/div>\n<\/div>\n<\/div>\n<\/div>\n<\/div>\n<div  class=\"one withsmallpadding ppb_text\" style=\"padding:30px 0 30px 0;\" >\n<div class=\"standard_wrapper\">\n<div class=\"page_content_wrapper\">\n<div class=\"inner\">\n<div style=\"margin:auto;width:100%\">\n<p>Ces collections sont destin\u00e9es \u00e0 \u00eatre expos\u00e9es. Je suis \u00e0 la recherche d\u2019un lieu pour les accueillir, si vous connaissez une galerie ou que vous pr\u00e9parez une exposition,\u00a0 <a href=\"https:\/\/www.gilpivert.fr\/index.php\/contact\/\">contactez-moi<\/a>. Merci !<\/p>\n<\/div>\n<\/div>\n<\/div>\n<\/div>\n<\/div>\n","protected":false},"excerpt":{"rendered":"<p>Ne mettez pas n\u2019importe quoi sur vos murs ! Les photographies pr\u00e9sent\u00e9es sur cette page (comme celles des Portfolios) sont disponibles en tirage limit\u00e9 \u00e0 30 exemplaires. Ils sont num\u00e9rot\u00e9s, sign\u00e9s et livr\u00e9s avec un certificat d\u2019authenticit\u00e9. Ils sont r\u00e9alis\u00e9s [&hellip;]<\/p>\n","protected":false},"author":1,"featured_media":0,"parent":0,"menu_order":0,"comment_status":"closed","ping_status":"closed","template":"","meta":{"ngg_post_thumbnail":0,"footnotes":""},"class_list":["post-3904","page","type-page","status-publish","hentry"],"yoast_head":"<!-- This site is optimized with the Yoast SEO plugin v27.5 - https:\/\/yoast.com\/product\/yoast-seo-wordpress\/ -->\n<title>Personnalisez votre int\u00e9rieur avec des photos originales - Gil Pivert<\/title>\n<meta name=\"description\" content=\"Galerie photographique de Gil Pivert. Auteur - Photographe. Portfolios de ses travaux, book et blog pour \u00e9changer autour de l&#039;image et des voyages.\" \/>\n<meta name=\"robots\" content=\"index, follow, max-snippet:-1, max-image-preview:large, max-video-preview:-1\" \/>\n<link rel=\"canonical\" href=\"https:\/\/www.gilpivert.fr\/index.php\/vente-de-tirages-dart\/\" \/>\n<meta property=\"og:locale\" content=\"fr_FR\" \/>\n<meta property=\"og:type\" content=\"article\" \/>\n<meta property=\"og:title\" content=\"Personnalisez votre int\u00e9rieur avec des photos originales - Gil Pivert\" \/>\n<meta property=\"og:description\" content=\"Galerie photographique de Gil Pivert. Auteur - Photographe. Portfolios de ses travaux, book et blog pour \u00e9changer autour de l&#039;image et des voyages.\" \/>\n<meta property=\"og:url\" content=\"https:\/\/www.gilpivert.fr\/index.php\/vente-de-tirages-dart\/\" \/>\n<meta property=\"og:site_name\" content=\"Gil Pivert\" \/>\n<meta property=\"article:modified_time\" content=\"2021-12-08T15:20:13+00:00\" \/>\n<meta name=\"twitter:card\" content=\"summary_large_image\" \/>\n<meta name=\"twitter:label1\" content=\"Dur\u00e9e de lecture estim\u00e9e\" \/>\n\t<meta name=\"twitter:data1\" content=\"1 minute\" \/>\n<script type=\"application\/ld+json\" class=\"yoast-schema-graph\">{\"@context\":\"https:\\\/\\\/schema.org\",\"@graph\":[{\"@type\":\"WebPage\",\"@id\":\"https:\\\/\\\/www.gilpivert.fr\\\/index.php\\\/vente-de-tirages-dart\\\/\",\"url\":\"https:\\\/\\\/www.gilpivert.fr\\\/index.php\\\/vente-de-tirages-dart\\\/\",\"name\":\"Personnalisez votre int\u00e9rieur avec des photos originales - Gil Pivert\",\"isPartOf\":{\"@id\":\"https:\\\/\\\/www.gilpivert.fr\\\/#website\"},\"datePublished\":\"2019-10-01T17:03:11+00:00\",\"dateModified\":\"2021-12-08T15:20:13+00:00\",\"description\":\"Galerie photographique de Gil Pivert. Auteur - Photographe. Portfolios de ses travaux, book et blog pour \u00e9changer autour de l'image et des voyages.\",\"breadcrumb\":{\"@id\":\"https:\\\/\\\/www.gilpivert.fr\\\/index.php\\\/vente-de-tirages-dart\\\/#breadcrumb\"},\"inLanguage\":\"fr-FR\",\"potentialAction\":[{\"@type\":\"ReadAction\",\"target\":[\"https:\\\/\\\/www.gilpivert.fr\\\/index.php\\\/vente-de-tirages-dart\\\/\"]}]},{\"@type\":\"BreadcrumbList\",\"@id\":\"https:\\\/\\\/www.gilpivert.fr\\\/index.php\\\/vente-de-tirages-dart\\\/#breadcrumb\",\"itemListElement\":[{\"@type\":\"ListItem\",\"position\":1,\"name\":\"Accueil\",\"item\":\"https:\\\/\\\/www.gilpivert.fr\\\/\"},{\"@type\":\"ListItem\",\"position\":2,\"name\":\"Personnalisez votre int\u00e9rieur avec des photos originales\"}]},{\"@type\":\"WebSite\",\"@id\":\"https:\\\/\\\/www.gilpivert.fr\\\/#website\",\"url\":\"https:\\\/\\\/www.gilpivert.fr\\\/\",\"name\":\"Gil Pivert\",\"description\":\"Photos d\u2019art, culture et partage : R\u00eaver les yeux ouverts\",\"publisher\":{\"@id\":\"https:\\\/\\\/www.gilpivert.fr\\\/#organization\"},\"potentialAction\":[{\"@type\":\"SearchAction\",\"target\":{\"@type\":\"EntryPoint\",\"urlTemplate\":\"https:\\\/\\\/www.gilpivert.fr\\\/?s={search_term_string}\"},\"query-input\":{\"@type\":\"PropertyValueSpecification\",\"valueRequired\":true,\"valueName\":\"search_term_string\"}}],\"inLanguage\":\"fr-FR\"},{\"@type\":\"Organization\",\"@id\":\"https:\\\/\\\/www.gilpivert.fr\\\/#organization\",\"name\":\"Gil Pivert\",\"url\":\"https:\\\/\\\/www.gilpivert.fr\\\/\",\"logo\":{\"@type\":\"ImageObject\",\"inLanguage\":\"fr-FR\",\"@id\":\"https:\\\/\\\/www.gilpivert.fr\\\/#\\\/schema\\\/logo\\\/image\\\/\",\"url\":\"https:\\\/\\\/i1.wp.com\\\/www.gilpivert.fr\\\/wp-content\\\/uploads\\\/2019\\\/08\\\/Logo-GP-J400p.png?fit=400%2C187&ssl=1\",\"contentUrl\":\"https:\\\/\\\/i1.wp.com\\\/www.gilpivert.fr\\\/wp-content\\\/uploads\\\/2019\\\/08\\\/Logo-GP-J400p.png?fit=400%2C187&ssl=1\",\"width\":400,\"height\":187,\"caption\":\"Gil Pivert\"},\"image\":{\"@id\":\"https:\\\/\\\/www.gilpivert.fr\\\/#\\\/schema\\\/logo\\\/image\\\/\"},\"sameAs\":[\"http:\\\/\\\/gil.pivert\"]}]}<\/script>\n<!-- \/ Yoast SEO plugin. -->","yoast_head_json":{"title":"Personnalisez votre int\u00e9rieur avec des photos originales - Gil Pivert","description":"Galerie photographique de Gil Pivert. Auteur - Photographe. Portfolios de ses travaux, book et blog pour \u00e9changer autour de l'image et des voyages.","robots":{"index":"index","follow":"follow","max-snippet":"max-snippet:-1","max-image-preview":"max-image-preview:large","max-video-preview":"max-video-preview:-1"},"canonical":"https:\/\/www.gilpivert.fr\/index.php\/vente-de-tirages-dart\/","og_locale":"fr_FR","og_type":"article","og_title":"Personnalisez votre int\u00e9rieur avec des photos originales - Gil Pivert","og_description":"Galerie photographique de Gil Pivert. Auteur - Photographe. Portfolios de ses travaux, book et blog pour \u00e9changer autour de l'image et des voyages.","og_url":"https:\/\/www.gilpivert.fr\/index.php\/vente-de-tirages-dart\/","og_site_name":"Gil Pivert","article_modified_time":"2021-12-08T15:20:13+00:00","twitter_card":"summary_large_image","twitter_misc":{"Dur\u00e9e de lecture estim\u00e9e":"1 minute"},"schema":{"@context":"https:\/\/schema.org","@graph":[{"@type":"WebPage","@id":"https:\/\/www.gilpivert.fr\/index.php\/vente-de-tirages-dart\/","url":"https:\/\/www.gilpivert.fr\/index.php\/vente-de-tirages-dart\/","name":"Personnalisez votre int\u00e9rieur avec des photos originales - Gil Pivert","isPartOf":{"@id":"https:\/\/www.gilpivert.fr\/#website"},"datePublished":"2019-10-01T17:03:11+00:00","dateModified":"2021-12-08T15:20:13+00:00","description":"Galerie photographique de Gil Pivert. Auteur - Photographe. Portfolios de ses travaux, book et blog pour \u00e9changer autour de l'image et des voyages.","breadcrumb":{"@id":"https:\/\/www.gilpivert.fr\/index.php\/vente-de-tirages-dart\/#breadcrumb"},"inLanguage":"fr-FR","potentialAction":[{"@type":"ReadAction","target":["https:\/\/www.gilpivert.fr\/index.php\/vente-de-tirages-dart\/"]}]},{"@type":"BreadcrumbList","@id":"https:\/\/www.gilpivert.fr\/index.php\/vente-de-tirages-dart\/#breadcrumb","itemListElement":[{"@type":"ListItem","position":1,"name":"Accueil","item":"https:\/\/www.gilpivert.fr\/"},{"@type":"ListItem","position":2,"name":"Personnalisez votre int\u00e9rieur avec des photos originales"}]},{"@type":"WebSite","@id":"https:\/\/www.gilpivert.fr\/#website","url":"https:\/\/www.gilpivert.fr\/","name":"Gil Pivert","description":"Photos d\u2019art, culture et partage : R\u00eaver les yeux ouverts","publisher":{"@id":"https:\/\/www.gilpivert.fr\/#organization"},"potentialAction":[{"@type":"SearchAction","target":{"@type":"EntryPoint","urlTemplate":"https:\/\/www.gilpivert.fr\/?s={search_term_string}"},"query-input":{"@type":"PropertyValueSpecification","valueRequired":true,"valueName":"search_term_string"}}],"inLanguage":"fr-FR"},{"@type":"Organization","@id":"https:\/\/www.gilpivert.fr\/#organization","name":"Gil Pivert","url":"https:\/\/www.gilpivert.fr\/","logo":{"@type":"ImageObject","inLanguage":"fr-FR","@id":"https:\/\/www.gilpivert.fr\/#\/schema\/logo\/image\/","url":"https:\/\/i1.wp.com\/www.gilpivert.fr\/wp-content\/uploads\/2019\/08\/Logo-GP-J400p.png?fit=400%2C187&ssl=1","contentUrl":"https:\/\/i1.wp.com\/www.gilpivert.fr\/wp-content\/uploads\/2019\/08\/Logo-GP-J400p.png?fit=400%2C187&ssl=1","width":400,"height":187,"caption":"Gil Pivert"},"image":{"@id":"https:\/\/www.gilpivert.fr\/#\/schema\/logo\/image\/"},"sameAs":["http:\/\/gil.pivert"]}]}},"jetpack_shortlink":"https:\/\/wp.me\/PaTRHF-10Y","jetpack_likes_enabled":true,"jetpack_sharing_enabled":true,"_links":{"self":[{"href":"https:\/\/www.gilpivert.fr\/index.php\/wp-json\/wp\/v2\/pages\/3904","targetHints":{"allow":["GET"]}}],"collection":[{"href":"https:\/\/www.gilpivert.fr\/index.php\/wp-json\/wp\/v2\/pages"}],"about":[{"href":"https:\/\/www.gilpivert.fr\/index.php\/wp-json\/wp\/v2\/types\/page"}],"author":[{"embeddable":true,"href":"https:\/\/www.gilpivert.fr\/index.php\/wp-json\/wp\/v2\/users\/1"}],"replies":[{"embeddable":true,"href":"https:\/\/www.gilpivert.fr\/index.php\/wp-json\/wp\/v2\/comments?post=3904"}],"version-history":[{"count":62,"href":"https:\/\/www.gilpivert.fr\/index.php\/wp-json\/wp\/v2\/pages\/3904\/revisions"}],"predecessor-version":[{"id":6695,"href":"https:\/\/www.gilpivert.fr\/index.php\/wp-json\/wp\/v2\/pages\/3904\/revisions\/6695"}],"wp:attachment":[{"href":"https:\/\/www.gilpivert.fr\/index.php\/wp-json\/wp\/v2\/media?parent=3904"}],"curies":[{"name":"wp","href":"https:\/\/api.w.org\/{rel}","templated":true}]}}

Personnalisez votre intérieur avec des photos originales

<div  class="one withsmallpadding ppb_header " style="text-align:left;padding:30px 0 30px 0;" >
<div class="standard_wrapper">
<div class="page_content_wrapper">
<div class="inner">
<div style="margin:auto;width:100%">
<p>Ne mettez pas n’importe quoi sur vos murs ! Les photographies présentées sur cette page (<a href="https://www.gilpivert.fr/index.php/portfolios/">comme celles des Portfolios</a>) sont disponibles en tirage limité à 30 exemplaires. Ils sont numérotés, signés et livrés avec un certificat d’authenticité. Ils sont réalisés par un laboratoire professionnel en qualité <em>Fine art</em>. C’est tellement mieux que des posters !</p>
</div>
</div>
</div>
</div>
</div>
<div  class="one withsmallpadding ppb_header " style="text-align:left;padding:30px 0 30px 0;" >
<div class="standard_wrapper">
<div class="page_content_wrapper">
<div class="inner">
<div style="margin:auto;width:100%">
<p>Ne mettez pas n’importe quoi sur vos murs ! Les photographies présentées sur cette page (<a href="https://www.gilpivert.fr/index.php/portfolios/">comme celles des Portfolios</a>) sont disponibles en tirage limité à 30 exemplaires. Ils sont numérotés, signés et livrés avec un certificat d’authenticité. Ils sont réalisés par un laboratoire professionnel en qualité <em>Fine art</em>. C’est tellement mieux que des posters !</p>
</div>
</div>
</div>
</div>
</div>
<div  class="one withsmallpadding ppb_text" style="padding:30px 0 30px 0;" >
<div class="standard_wrapper">
<div class="page_content_wrapper">
<div class="inner">
<div style="margin:auto;width:100%">
<p>Ces collections sont destinées à être exposées. Je suis à la recherche d’un lieu pour les accueillir, si vous connaissez une galerie ou que vous préparez une exposition,  <a href="https://www.gilpivert.fr/index.php/contact/">contactez-moi</a>. Merci !</p>
</div>
</div>
</div>
</div>
</div>

<p>Ne mettez pas n’importe quoi sur vos murs ! Les photographies présentées sur cette page (comme celles des Portfolios) sont disponibles en tirage limité à 30 exemplaires. Ils sont numérotés, signés et livrés avec un certificat d’authenticité. Ils sont réalisés [&hellip;]</p>

<!-- This site is optimized with the Yoast SEO plugin v27.5 - https://yoast.com/product/yoast-seo-wordpress/ -->
<title>Personnalisez votre intérieur avec des photos originales - Gil Pivert</title>
<meta name="description" content="Galerie photographique de Gil Pivert. Auteur - Photographe. Portfolios de ses travaux, book et blog pour échanger autour de l&#039;image et des voyages." />
<meta name="robots" content="index, follow, max-snippet:-1, max-image-preview:large, max-video-preview:-1" />
<link rel="canonical" href="https://www.gilpivert.fr/index.php/vente-de-tirages-dart/" />
<meta property="og:locale" content="fr_FR" />
<meta property="og:type" content="article" />
<meta property="og:title" content="Personnalisez votre intérieur avec des photos originales - Gil Pivert" />
<meta property="og:description" content="Galerie photographique de Gil Pivert. Auteur - Photographe. Portfolios de ses travaux, book et blog pour échanger autour de l&#039;image et des voyages." />
<meta property="og:url" content="https://www.gilpivert.fr/index.php/vente-de-tirages-dart/" />
<meta property="og:site_name" content="Gil Pivert" />
<meta property="article:modified_time" content="2021-12-08T15:20:13+00:00" />
<meta name="twitter:card" content="summary_large_image" />
<meta name="twitter:label1" content="Durée de lecture estimée" />
	<meta name="twitter:data1" content="1 minute" />
<script type="application/ld+json" class="yoast-schema-graph">{"@context":"https:\/\/schema.org","@graph":[{"@type":"WebPage","@id":"https:\/\/www.gilpivert.fr\/index.php\/vente-de-tirages-dart\/","url":"https:\/\/www.gilpivert.fr\/index.php\/vente-de-tirages-dart\/","name":"Personnalisez votre intérieur avec des photos originales - Gil Pivert","isPartOf":{"@id":"https:\/\/www.gilpivert.fr\/#website"},"datePublished":"2019-10-01T17:03:11+00:00","dateModified":"2021-12-08T15:20:13+00:00","description":"Galerie photographique de Gil Pivert. Auteur - Photographe. Portfolios de ses travaux, book et blog pour échanger autour de l'image et des voyages.","breadcrumb":{"@id":"https:\/\/www.gilpivert.fr\/index.php\/vente-de-tirages-dart\/#breadcrumb"},"inLanguage":"fr-FR","potentialAction":[{"@type":"ReadAction","target":["https:\/\/www.gilpivert.fr\/index.php\/vente-de-tirages-dart\/"]}]},{"@type":"BreadcrumbList","@id":"https:\/\/www.gilpivert.fr\/index.php\/vente-de-tirages-dart\/#breadcrumb","itemListElement":[{"@type":"ListItem","position":1,"name":"Accueil","item":"https:\/\/www.gilpivert.fr\/"},{"@type":"ListItem","position":2,"name":"Personnalisez votre intérieur avec des photos originales"}]},{"@type":"WebSite","@id":"https:\/\/www.gilpivert.fr\/#website","url":"https:\/\/www.gilpivert.fr\/","name":"Gil Pivert","description":"Photos d’art, culture et partage : Rêver les yeux ouverts","publisher":{"@id":"https:\/\/www.gilpivert.fr\/#organization"},"potentialAction":[{"@type":"SearchAction","target":{"@type":"EntryPoint","urlTemplate":"https:\/\/www.gilpivert.fr\/?s={search_term_string}"},"query-input":{"@type":"PropertyValueSpecification","valueRequired":true,"valueName":"search_term_string"}}],"inLanguage":"fr-FR"},{"@type":"Organization","@id":"https:\/\/www.gilpivert.fr\/#organization","name":"Gil Pivert","url":"https:\/\/www.gilpivert.fr\/","logo":{"@type":"ImageObject","inLanguage":"fr-FR","@id":"https:\/\/www.gilpivert.fr\/#\/schema\/logo\/image\/","url":"https:\/\/i1.wp.com\/www.gilpivert.fr\/wp-content\/uploads\/2019\/08\/Logo-GP-J400p.png?fit=400%2C187&ssl=1","contentUrl":"https:\/\/i1.wp.com\/www.gilpivert.fr\/wp-content\/uploads\/2019\/08\/Logo-GP-J400p.png?fit=400%2C187&ssl=1","width":400,"height":187,"caption":"Gil Pivert"},"image":{"@id":"https:\/\/www.gilpivert.fr\/#\/schema\/logo\/image\/"},"sameAs":["http:\/\/gil.pivert"]}]}</script>
<!-- / Yoast SEO plugin. -->

Personnalisez votre intérieur avec des photos originales - Gil Pivert

Galerie photographique de Gil Pivert. Auteur - Photographe. Portfolios de ses travaux, book et blog pour échanger autour de l'image et des voyages.

Photos d’art, culture et partage : Rêver les yeux ouverts
